 = -l + 10. Suppose 7*j + 4*d = 4*j + 34, 3*j = 3*d + 27. Let y = -7 + j. Let f = 8 - y. Give a(f).
5
Let i(k) = -k**2 - 3*k. Let v(z) = 2*z**2 + 4*z. Suppose -4*l - h = 3, l + 3*h - h = 8. Let y(q) = l*v(q) - 3*i(q). Determine y(-1).
-2
Let r(g) = -g**3 + 8*g**2 - 6*g. Let f(q) = -q**3 + 8*q**2 - 7*q. Let m(u) = 6*f(u) - 7*r(u). Give m(8).
0
Suppose 0 = 3*k - k - 12. Let f(p) = p - 11. Determine f(k).
-5
Let g(l) = -l**2 - 7*l - 4. Suppose 6*z + 19 = 1. What is g(z)?
8
Let w be (-6)/8*(-3 + 11). Let a(p) = -p**2 - 7*p + 5. Let j be a(w). Suppose 0 = 2*y + j - 3. Let s(o) = 4*o + 6. Calculate s(y).
-10
Let a(x) = -x + 1. Let d(b) = -b + 6. Let v be 4/16 - 9/4. Let n(s) = -3*s - 2. Let m be n(v). Let o be d(m). What is a(o)?
-1
Let s(f) be the first derivative of -f**3/6 + 7*f**2/2 + 2*f + 2. Let o(l) be the first derivative of s(l). What is o(5)?
2
Suppose -4*m - 23 = -2*n + 3*n, -4*m + 3*n - 27 = 0. Let y(r) = r**3 + 6*r**2 + r + 7. Calculate y(m).
1
Let v(s) be the third derivative of s**6/120 + 7*s**5/60 - s**4/4 + 2*s**3/3 + 16*s**2. Give v(-8).
-12
Suppose -o - 1 = -7. Let b(t) = -t**3 + 8*t**2 - t + 8. Let d(y) = -y**2. Let k(q) = b(q) + 2*d(q). Give k(o).
2
Let q(v) = -4*v**2 - 2*v + 3. Let m(l) = -3*l**2 - l + 2. Let o(a) = -3*m(a) + 2*q(a). Give o(3).
6
Let m(w) = w**3. Let q(t) be the third derivative of -t**6/120 - t**5/30 + t**4/24 - 2*t**2. Let a be q(-3). Suppose -5 = a*j - j. Calculate m(j).
-1
Let w(g) = -g**2 - 5*g + 6. Let f(h) = h**2 + 6*h - 7. Let d(z) = -2*f(z) - 3*w(z). Determine d(-4).
0
Let y = -23 - -20. Let i(z) = -z**3 - 8*z**2 - 5*z - 3. Let f(a) = a**2 + a. Let j(p) = 6*f(p) + i(p). What is j(y)?
3
Let y(v) = 7*v**2 - 6*v**2 + 2*v + v**3 - 2*v**3 + 0*v**3. Give y(-2).
8
Suppose 4*c - 18 = 2*s, -c = 4*s - s - 8. Let m(j) be the third derivative of -1/10*j**c + j**3 + 0 + 5/24*j**4 + 1/120*j**6 + 0*j - j**2. Determine m(5).
6
Let k be 16/10 + (-2)/(-5). Let w(t) = 9*t**3 - 17*t**3 + 7*t**3 - t**k. Give w(0).
0
Let g(j) = j - 7. Let a(o) = 3*o - 8 + o**3 - 7*o**2 + 0*o - 1 - o. Let i be a(7). Determine g(i).
-2
Let x(l) = -3*l - 4. Let c be x(-4). Let h be (-6)/(-12)*c*2. Suppose -23 = 5*z - h. Let a(j) = j**2 + 3*j + 2. What is a(z)?
2
Let z be (((-12)/(-4))/3)/(-1). Let m(x) = 10*x**2 - 2*x**2 + 0*x + x + 1. What is m(z)?
8
Let k(z) = z + 5. Let w(b) = -2*b - 6. Let o(y) = 6*k(y) + 5*w(y). What is o(-4)?
16
Suppose 35 = -2*u + 3*c, -u = 4*u + c + 45. Let a be ((-12)/u)/((-3)/15). Let r(h) be the first derivative of -h**4/4 - 5*h**3/3 + 3*h**2 + 4*h - 2. Give r(a).
4
Let o(g) = -3*g + 1 - 5 + 1 + 0*g. Give o(-4).
9
Let g(a) be the third derivative of -a**4/24 + 7*a**3/2 - 10*a**2. Calculate g(0).
21
Let x(l) be the second derivative of 7*l**3/6 + 3*l. Let g = 14 - 15. Determine x(g).
-7
Let o(l) = -6*l**2 - 4*l + 0*l**2 + 5*l**2. Let c(a) = -2*a**3 - 11*a**2 + 4*a - 16. Let g be c(-6). Give o(g).
0
Suppose 11 = -7*u - 3. Let o(z) = -4*z + 1. Calculate o(u).
9
Let g be ((-6)/(-8))/((-6)/48). Let q(k) = k**2 + 8*k + 1. Calculate q(g).
-11
Let x(t) = -t**3 - t**2 + 2*t. Suppose -6*k = -3*k - 18. Suppose k*y - y + 10 = 0. Determine x(y).
0
Let g(b) = 4*b**2 + b + 3. Let y = 12 - 3. Let d(t) = -t**2 + 8*t + 6. Let k be d(y). Let u(o) = -5*o**2 - 2*o - 4. Let a(h) = k*g(h) - 2*u(h). Calculate a(1).
-2
Let n be 46/10 + (-6)/(-15). Let a(d) = d**2 - 4*d. Let z be a(n). Let w(h) = 0*h**2 + 6*h - z*h + h - h**2 + 7. Give w(5).
-8
Let p(g) be the third derivative of -4*g**5/15 - g**4/24 + 7*g**2. Calculate p(-1).
-15
Suppose -2*s - 5*n - 11 = -49, 0 = 4*s - 3*n - 102. Let b = 27 + -25. Let j be (-1)/(3*b/s). Let h(f) = -f**3 - 5*f**2 - 3*f - 4. Calculate h(j).
-8
Let w(a) = 4*a - 2. Let s(j) = j - 1. Let y(r) = -5*s(r) + w(r). Give y(3).
0
Suppose -2*b - u + 5*u = -22, 4*u + 56 = 4*b. Let y = b + -21. Let r(f) = -f - 1. Calculate r(y).
3
Let g(b) = 4 - 2*b**3 + 5*b**3 - 6*b**3 + 2*b**3 + 5*b**2 - b. Let x(c) = -6*c. Let v be x(-2). Let k = -7 + v. Determine g(k).
-1
Let m(f) be the third derivative of f**4/8 - 5*f**3/6 - 8*f**2. Determine m(5).
10
Let a(r) = -r**3 + 4*r**2. Let c be a(4). Let l(h) = h + 1. Let x(d) = -2*d - 5. Let p(k) = 7*l(k) + 3*x(k). Give p(c).
-8
Let b = -9 + 11. Let d(u) = -2*u**2 + 2*u - 3. What is d(b)?
-7
Let f(u) = -u**2 - 5*u - 3. Let m(j) = j**3 - j - 2. Let g be m(2). Suppose 30 = -5*b - 15. Let v = b + g. Give f(v).
-3
Let d(a) = 2*a**3 + a**2 + a - 1. Suppose 4*n = 5*f + 3 - 5, 11 = -5*n + 2*f. Let q(m) = -m**3 - m**2 - m + 2. Let b(v) = n*q(v) - 2*d(v). Calculate b(0).
-4
Let p(d) = 3*d**2 - d + 17. Let n(g) = -4*g**2 + 2*g - 25. Let i(q) = 5*n(q) + 7*p(q). Let l be -6*1*(0 + 3/3). Give i(l).
12
Let n be (-8)/6*(-18)/4. Let t(y) = -2 - 1 - n*y + 4. Let u = -29 + 30. What is t(u)?
-5
Suppose 17*z + 24 = 21*z. Let h(u) = -u**2 + 4*u + 0*u**2 - 1 + 6. Give h(z).
-7
Let n be (-28)/7*(-3)/(-6). Let h(q) = 3*q. Calculate h(n).
-6
Suppose -2*k + 3*w + 7 = 0, -3*k + 13 + 1 = -w. Suppose -9 = -c + k*m + 2, -5 = c + 3*m. Let f(t) = 0 + c - 5*t - 3*t + 2*t. Calculate f(-1).
7
Suppose 165 = 5*j - 95. Let o be j/20 + 2/5. Let h(k) = -3*k**2 + 0*k**3 + 4*k**2 - 5*k**o + 4*k**3 + k. Calculate h(2).
-2
Let v(g) = -g - 4. Let b be v(-10). Let n(q) = q**3 - 5*q**2 - 5*q - 7. Determine n(b).
-1
Suppose -2*a + 1 = -5. Let f(i) = -15*i**3 + 8*i**2 + 9*i + 47. Let v(c) = -7*c**3 + 4*c**2 + 4*c + 22. Let d(z) = -6*f(z) + 13*v(z). Calculate d(a).
7
Let p(l) = -5*l. Let r(v) = -14*v. Let s(y) = -8*p(y) + 3*r(y). Suppose 0 = 4*z - 3*z - 2*n + 1, -3 = 3*z - 3*n. Calculate s(z).
2
Let b(l) = -l**2 - 5*l + 1. Suppose i + 2*a = 10 - 2, -5*i = 3*a - 12. Suppose 0 = 5*d + 5*s + 20, -3*d - 8 = 2*s - i. Suppose d = f + 3 - 0. What is b(f)?
7
Let x(l) = -2*l**2 + l**3 + 5*l**2 - 3 + 1 - l. Determine x(-2).
4
Let o(l) = l**3 - 4*l**2 + 5*l + 5. Let b(h) = -h**3. Let v(q) = 2*b(q) + o(q). Let w be v(-5). Let m(j) = 10*j - 2*j + 3 - 7*j. Determine m(w).
8
Let i(z) = 8*z**2 + 8*z - 8. Let b = -2 - -6. Let p(m) = 3*m**2 + 3*m - 3. Let x(g) = b*i(g) - 11*p(g). Calculate x(-3).
-5
Let w(p) = 5*p + 33. Let b(f) = -2*f - 11. Let s(y) = -8*b(y) - 3*w(y). Let i(m) = 4 - 8*m + 12 + 7*m - 6. Let z(u) = -4*i(u) - 3*s(u). Determine z(5).
-2
Suppose -5*z = 4*m - 41, -z + 1 + 0 = -m. Let q be (25/10)/((-2)/m). Let a(c) = c**2 + 7*c + 5. Calculate a(q).
-5
Suppose r - 18 = -26. Let t(d) = d**3 + 7*d**2 - 10*d - 2. Give t(r).
14
Let o(l) = l**2 - 4*l + 4. Let k(n) be the third derivative of -n**4/24 - n**2. Let v be k(0). Suppose 0 = b, 0 = -2*p + 5*b - v + 6. Calculate o(p).
1
Let h = -1 - -1. Let x(s) = s + 0 + h. Suppose 0 = -2*q + 7*q + 5*g + 10, 4*q - 3*g - 13 = 0. Give x(q).
1
Let y(c) be the first derivative of -c**2/2 + 7. What is y(4)?
-4
Let n(q) = q + 124 + 122 - 256. Give n(9).
-1
Let o(g) = 2*g**2 - g + 1. Let h(x) = 3*x - 1. Let p be h(1). Suppose 4*b - 2 = p. Calculate o(b).
2
Let w be -13 + (1 - -2) + 0. Let y = 8 + w. Let d(q) = 2*q - 7. Let r(l) = l - 6. Let k(s) = 2*d(s) - 3*r(s). Calculate k(y).
2
Let o(t) = -t**2 + 3. Let w be o(-2). Let h(x) = -3*x**3 - x**2 - x. Give h(w).
3
Let a(l) = -2*l**3 - 3*l**2 + l + 8. Suppose 0 = -3*q + 3 + 12. Let p(f) = 3*f**3 + 7*f**2 - 3*f - 15. Let u(i) = q*a(i) + 3*p(i). Give u(5).
0
Let k(m) = 4*m**2 + 2*m + 1. Let u(j) = 2*j + 3. Let g be u(-2). Calculate k(g).
3
Let t be 74*4/(-32) + 2/8. Let a(c) = c + 18. Calculate a(t).
9
Let x(z) be the first derivative of 3*z**2/2 + 4*z + 1. Suppose -88 = 10*n - 28. Determine x(n).
-14
Let q = 16 + -14. Let l(a) = -3*a**2 + 4*a - 3. Calculate l(q).
-7
Let q be -8*(33/6)/11. Let r(h) = -h**2 - 6*h + 4. Calculate r(q).
12
Let q(p) = -30*p. Let l(h) = 1. Let w(i) = -10*i - 25. Let n(v) = 25*l(v) + w(v). Let u(o) = 10*n(o) - 3*q(o). Give u(-1).
10
Let r(g) = -4*g**3 + 7*g**2 - g - 3*g**2 + 1 + 2*g**2. Let q(m) = -m**2 + 0*m**2 + 3*m**3 - 4*m**2. Let a(t) = -3*q(t) - 2*r(t). Give a(3).
4
Let l(n) = -3*n**3 + 6*n**2 - 7*n - 5. Let i(f) = -4*f**3 + 7*f**2 - 8*f - 6. Let a(m) = 4*i(m) - 5*l(m). Give a(-3).
1
Let s = 0 + 6. Let z(f) = 2*f - 9. Determine z(s).
3
Let r(l) = 3*l**2 - 8*l. Suppose 3*u - 20 + 5 = 0. Let d(k) = -k**2 + 1 - 9*k + u*k**2 + 0*k**2. Let m(o) = -2*d(o) + 3*r(o). Calculate m(5).
-7
Suppose 13*n = 10*n - 12. Let a(g) = -g**3 - 5*g**2 -